41 a factor of 82778562?
True
Is 2158422 a multiple of 12?
False
Is 10007739 a multiple of 21?
True
Is 250782109 a multiple of 480?
False
Is 21081894 a multiple of 101?
False
Is 6078 a factor of 419493012?
False
Is 583381554 a multiple of 3171?
True
Does 86 divide 23486342?
True
Does 2303 divide 60015054?
False
Does 79 divide 74740021?
False
Does 35 divide 15433635?
True
Is 4348 a factor of 111943608?
True
Does 28 divide 3862922?
False
Is 175482720 a multiple of 2520?
True
Does 198 divide 29679408?
True
Does 5 divide 7457628?
False
Is 2406 a factor of 389925984?
True
Does 1596 divide 433652107?
False
Is 214 a factor of 3215024720?
True
Is 189000400 a multiple of 50?
True
Does 67 divide 167583147?
True
Is 441882018 a multiple of 193?
False
Does 816 divide 159235056?
True
Is 34 a factor of 203282582?
False
Does 3 divide 654236784?
True
Does 148 divide 101451780?
True
Does 42 divide 162246707?
False
Is 104 a factor of 464480884?
False
Does 34 divide 347771351?
False
Does 24 divide 29981611?
False
Does 10 divide 23610310?
True
Is 534932940 a multiple of 822?
True
Is 90 a factor of 5256285528?
False
Does 413 divide 44968266?
True
Is 173208789 a multiple of 9?
True
Is 1990 a factor of 385687870?
True
Is 106 a factor of 16934170?
False
Is 25101288 a multiple of 343?
False
Does 40 divide 9431?
False
Is 910793272 a multiple of 152?
True
Is 6539534 a multiple of 102?
False
Is 8325504 a multiple of 96?
True
Is 863 a factor of 47803296?
True
Is 58 a factor of 88490603?
False
Is 126 a factor of 78994405?
False
Does 157 divide 13426640?
True
Does 7 divide 77828030?
True
Is 20 a factor of 35830635?
False
Is 1704 a factor of 325859847?
False
Is 1251752304 a multiple of 41?
True
Is 206563871 a multiple of 2826?
False
Does 29 divide 47507874?
False
Is 104 a factor of 882550209?
False
Is 18 a factor of 1241969940?
True
Is 2784 a factor of 158514213?
False
Does 17 divide 72510712?
True
Is 1158390 a multiple of 1010?
False
Does 103 divide 566506798?
True
Is 382 a factor of 250318056?
False
Does 38 divide 6324424?
False
Is 58636928 a multiple of 49?
True
Does 65 divide 6343563735?
False
Is 3 a factor of 26525822?
False
Does 56 divide 54671624?
True
Is 362 a factor of 657754?
True
Is 6140 a factor of 768236800?
True
Is 65 a factor of 491693280?
True
Is 22187223 a multiple of 74?
False
Is 30 a factor of 411416616?
False
Does 10 divide 11760354?
False
Is 79 a factor of 828305854?
False
Is 40152725 a multiple of 85?
True
Is 5 a factor of 18536625?
True
Is 314 a factor of 115864430?
True
Is 64447748 a multiple of 356?
True
Is 144398129 a multiple of 22?
False
Is 32720004 a multiple of 372?
True
Is 34859869 a multiple of 48?
False
Is 17 a factor of 73934120?
False
Is 20 a factor of 55496920?
True
Does 30 divide 432519?
False
Does 449 divide 5675297140?
True
Is 63944543 a multiple of 41?
True
Does 7353 divide 2566791414?
False
Does 250 divide 439178386?
False
Is 399494666 a multiple of 69?
False
Is 25253712 a multiple of 133?
False
Is 521794698 a multiple of 3834?
False
Is 6447 a factor of 301055043?
False
Is 353987456 a multiple of 10904?
True
Is 18605823 a multiple of 13?
False
Does 328 divide 27443760?
True
Is 6296071 a multiple of 23?
False
Is 820 a factor of 1526861320?
True
Does 44 divide 16001524?
True
Is 41431135 a multiple of 1252?
False
Is 2937 a factor of 190741618?
False
Is 1653799679 a multiple of 175?
False
Is 995512947 a multiple of 163?
False
Is 4138 a factor of 267281029?
False
Does 6709 divide 861563071?
True
Is 4684260 a multiple of 591?
False
Is 48 a factor of 198251554?
False
Is 16208262 a multiple of 189?
True
Does 912 divide 5433003792?
True
Does 3448 divide 822918804?
False
Is 3 a factor of 46202066?
False
Is 3729792 a multiple of 176?
True
Is 7 a factor of 23589685?
True
Is 178671499 a multiple of 2158?
False
Is 1875 a factor of 711720000?
True
Is 2072 a factor of 67356803?
False
Is 846206278 a multiple of 26?
False
Does 98 divide 1361868459?
False
Does 3 divide 1334665?
False
Is 5909703 a multiple of 86?
False
Does 82 divide 520675154?
True
Is 344 a factor of 49058185?
False
Is 533 a factor of 504817739?
False
Is 63 a factor of 25755106?
False
Is 2200685800 a multiple of 685?
True
Does 12 divide 51039948?
True
Is 15 a factor of 30927930?
True
Does 180 divide 1094477301?
False
Is 74 a factor of 194347575?
False
Is 658 a factor of 98728073?
False
Is 262 a factor of 1437425936?
False
Is 130 a factor of 113571793?
False
Does 2 divide 8283912?
True
Is 1591 a factor of 47007098?
False
Does 47 divide 2646433418?
True
Is 240 a factor of 735182?
False
Is 26 a factor of 20427230?
False
Is 7 a factor of 2763465642?
True
Does 4 divide 421541584?
True
Does 15 divide 82129099?
False
Is 81 a factor of 7966269?
True
Is 78 a factor of 20503860?
True
Is 17 a factor of 25971444?
True
Is 38 a factor of 1033084628?
False
Is 38276165 a multiple of 1585?
True
Does 82 divide 609319614?
True
Is 18 a factor of 86037786?
True
Does 6 divide 22390272?
True
Is 38107071 a multiple of 65?
False
Does 549 divide 73870146?
True
Does 13 divide 2967082703?
True
Does 169 divide 56863916?
False
Is 2625597107 a multiple of 1759?
False
Is 741 a factor of 8985951?
False
Is 4215 a factor of 433840899?
False
Does 201 divide 4484589?
False
Does 16 divide 1877229264?
True
Is 2266 a factor of 42966812?
False
Is 40907364 a multiple of 24?
False
Is 4170731 a multiple of 1251?
False
Is 90 a factor of 229401000?
True
Is 1118590116 a multiple of 23?
False
Is 2487 a factor of 2207394377?
False
Is 41073701 a multiple of 4?
False
Does 3 divide 2438997?
True
Is 38937281 a multiple of 2?
False
Is 17012483 a multiple of 1181?
False
Does 296 divide 91200236?
False
Is 44211213 a multiple of 30?
False
Is 17 a factor of 23366754?
False
Is 1177 a factor of 629829488?
False
Is 82 a factor of 42846394?
True
Does 15 divide 1334550?
True
Is 431908 a multiple of 8?
False
Is 48432520 a multiple of 20?
True
Is 14 a factor of 5883791470?
False
Is 27 a factor of 10288512?
True
Is 3144503 a multiple of 92?
False
Is 613 a factor of 60487821?
False
Is 463129022 a multiple of 20?
False
Does 21 divide 17240652?
False
Is 9 a factor of 4991991?
False
Is 3699863884 a multiple of 344?
False
Is 2312413650 a multiple of 15?
True
Is 30493206 a multiple of 126?
False
Is 87 a factor of 52570532?
False
Is 9729699 a multiple of 5?
False
Is 139516579 a multiple of 41?
False
Is 263760932 a multiple of 32?
False
Is 466505136 a multiple of 348?
True
Does 5 divide 1665320825?
True
Is 32 a factor of 103422848?
True
Is 9784724 a multiple of 1258?
True
Does 5 divide 261588855?
True
Is 244285839 a multiple of 63?
True
Is 575 a factor of 66627550?
True
Is 329 a factor of 122740765?
False
Is 31896760 a multiple of 14?
True
Is 1363204500 a multiple of 2100?
True
Is 1100 a factor of 463826000?
True
Is 4645 a factor of 3065936895?
True
Is 10 a factor of 23626539?
False
Is 52428312 a multiple of 3384?
True
Does 36 divide 6150627?
False
Does 41 divide 7815830?
True
Is 24 a factor of 166747084?
False
Is 41513185 a multiple of 217?
True
Is 59 a factor of 22062818?
False
Does 1097 divide 19635203?
True
Does 157 divide 45580397?
True
Does 2 divide 240622722?
True
Does 525 divide 2309417?
False
Is 347 a factor of 23189474?
False
Does 88 divide 196479888?
True
Does 4724 divide 689400467?
False
Does 1351 divide 73844435?
False
Is 146 a factor of 2950324930?
True
Is 17 a factor of 3561325?
False
Is 866223223 a multiple of 541?
False
Does 15 divide 68149440?
True
Is 73153987 a multiple of 44?
False
Does 90 divide 125082630?
True
Is 12236868 a multiple of 2674?
False
Does 5 divide 134853005?
True
Is 446 a factor of 542289616?
True
Is 19 a factor of 540424?
False
Is 12 a factor of 12711654?
False
Is 15446594 a multiple of 5?
False
Is 592815151 a multiple of 1454?
False
Is 89325710 a multiple of 149?
False
Is 3159 a factor of 2517121603?
False
Is 23010230 a multiple of 10?
True
Is 1098425702 a multiple of 162?
False
Does 238 divide 98854252?
True
Is 16 a factor of 69684189?
False
Is 2745976 a multiple of 10?
False
Is 419 a factor of 1222848148?
True
Is 18 a factor of 952210626?
False
Is 919 a factor of 264877746?
False
Does 110 divide 1366932710?
True
Does 243 divide 637284797?
False
Does 132 divide 6707580?
True
Is 163320615 a multiple of 374?
False
Is 9